{"id":335,"date":"2024-09-28T14:39:53","date_gmt":"2024-09-28T12:39:53","guid":{"rendered":"https:\/\/forumobywatelskie2.transportgzm.pl\/?page_id=335"},"modified":"2025-04-30T13:52:59","modified_gmt":"2025-04-30T11:52:59","slug":"organizatorzy","status":"publish","type":"page","link":"https:\/\/forumobywatelskie.transportgzm.pl\/index.php\/organizatorzy\/","title":{"rendered":"Organizatorzy"},"content":{"rendered":"\t\t<div data-elementor-type=\"wp-page\" data-elementor-id=\"335\" class=\"elementor elementor-335\">\n\t\t\t\t<div class=\"elementor-element elementor-element-14c5108 e-flex e-con-boxed e-con e-parent\" data-id=\"14c5108\" data-element_type=\"container\" data-e-type=\"container\" data-settings=\"{&quot;background_background&quot;:&quot;classic&quot;}\">\n\t\t\t\t\t<div class=\"e-con-inner\">\n\t\t\t\t<div class=\"elementor-element elementor-element-8a1e52e elementor-widget elementor-widget-heading\" data-id=\"8a1e52e\" data-element_type=\"widget\" data-e-type=\"widget\" data-widget_type=\"heading.default\">\n\t\t\t\t<div class=\"elementor-widget-container\">\n\t\t\t\t\t<h1 class=\"elementor-heading-title elementor-size-default\">Organizator<\/h1>\t\t\t\t<\/div>\n\t\t\t\t<\/div>\n\t\t\t\t\t<\/div>\n\t\t\t\t<\/div>\n\t\t<div class=\"elementor-element elementor-element-662d286 e-flex e-con-boxed e-con e-parent\" data-id=\"662d286\" data-element_type=\"container\" data-e-type=\"container\" data-settings=\"{&quot;background_background&quot;:&quot;classic&quot;}\">\n\t\t\t\t\t<div class=\"e-con-inner\">\n\t\t<div class=\"elementor-element elementor-element-3e31bb0 e-con-full e-flex e-con e-child\" data-id=\"3e31bb0\" data-element_type=\"container\" data-e-type=\"container\">\n\t\t\t\t<div class=\"elementor-element elementor-element-da3529b elementor-widget elementor-widget-image\" data-id=\"da3529b\" data-element_type=\"widget\" data-e-type=\"widget\" data-widget_type=\"image.default\">\n\t\t\t\t<div class=\"elementor-widget-container\">\n\t\t\t\t\t\t\t\t\t\t\t\t\t\t\t<img fetchpriority=\"high\" decoding=\"async\" width=\"800\" height=\"562\" src=\"https:\/\/forumobywatelskie.transportgzm.pl\/wp-content\/uploads\/2024\/10\/na-strone_4a-copy-1024x719.jpg\" class=\"attachment-large size-large wp-image-1424\" alt=\"\" srcset=\"https:\/\/forumobywatelskie.transportgzm.pl\/wp-content\/uploads\/2024\/10\/na-strone_4a-copy-1024x719.jpg 1024w, https:\/\/forumobywatelskie.transportgzm.pl\/wp-content\/uploads\/2024\/10\/na-strone_4a-copy-300x211.jpg 300w, https:\/\/forumobywatelskie.transportgzm.pl\/wp-content\/uploads\/2024\/10\/na-strone_4a-copy-768x539.jpg 768w, https:\/\/forumobywatelskie.transportgzm.pl\/wp-content\/uploads\/2024\/10\/na-strone_4a-copy.jpg 1026w\" sizes=\"(max-width: 800px) 100vw, 800px\" \/>\t\t\t\t\t\t\t\t\t\t\t\t\t\t\t<\/div>\n\t\t\t\t<\/div>\n\t\t\t\t<\/div>\n\t\t<div class=\"elementor-element elementor-element-a365cba e-con-full e-flex e-con e-child\" data-id=\"a365cba\" data-element_type=\"container\" data-e-type=\"container\">\n\t\t\t\t<div class=\"elementor-element elementor-element-c595da7 elementor-widget elementor-widget-text-editor\" data-id=\"c595da7\" data-element_type=\"widget\" data-e-type=\"widget\" data-widget_type=\"text-editor.default\">\n\t\t\t\t<div class=\"elementor-widget-container\">\n\t\t\t\t\t\t\t\t\t<p><span style=\"color: #000000;\">Organizatorem forum obywatelskiego jest G\u00f3rno\u015bl\u0105sko-Zag\u0142\u0119biowska Metropolia, pierwsza metropolia w Polsce, kt\u00f3ra powsta\u0142a w 2017 roku i \u0142\u0105czy 41 gmin, zamieszkiwanych przez 2,1 mln mieszka\u0144c\u00f3w. Naszym g\u0142\u00f3wnym zadaniem jest organizacja transportu publicznego, a celem jest rozw\u00f3j i usprawnienie systemu transportu, kt\u00f3rego podstaw\u0105 b\u0119dzie kolej.\u00a0<\/span><\/p><p><span style=\"color: #000000;\">Forum Obywatelskie odbywa si\u0119 w ramach projektu \u201cJak otworzy\u0107 kolej na mieszka\u0144c\u00f3w\u201d we wsp\u00f3\u0142pracy z Centrum Unijnych Projekt\u00f3w Transportowych i Sp\u00f3\u0142dzielni\u0105 Socjaln\u0105 FADO oraz pod patronatem Organizacji Wsp\u00f3\u0142pracy Gospodarczej i Rozwoju (OECD).<\/span><\/p><p><span style=\"color: #000000;\">Projekt koordynuje Wydzia\u0142 Zr\u00f3wnowa\u017conej Mobilno\u015bci w Departamencie Komunikacji i Transportu w Urz\u0119dzie Metropolitalnym G\u00f3rno\u015bl\u0105sko-Zag\u0142\u0119biowskiej Metropolii.<\/span><\/p><p><span style=\"color: #000000;\"><a style=\"color: #000000;\" href=\"mailto:mobilnosc@metropoliagzm.pl\">mobilnosc@metropoliagzm.pl<\/a><\/span><\/p>\t\t\t\t\t\t\t\t<\/div>\n\t\t\t\t<\/div>\n\t\t\t\t<\/div>\n\t\t\t\t\t<\/div>\n\t\t\t\t<\/div>\n\t\t\t\t<\/div>\n\t\t","protected":false},"excerpt":{"rendered":"<p>Organizator Organizatorem forum obywatelskiego jest G\u00f3rno\u015bl\u0105sko-Zag\u0142\u0119biowska Metropolia, pierwsza metropolia w Polsce, kt\u00f3ra powsta\u0142a w 2017 roku i \u0142\u0105czy 41 gmin, zamieszkiwanych przez 2,1 mln mieszka\u0144c\u00f3w. Naszym g\u0142\u00f3wnym zadaniem jest organizacja transportu publicznego, a celem jest rozw\u00f3j i usprawnienie systemu transportu, kt\u00f3rego podstaw\u0105 b\u0119dzie kolej.\u00a0 Forum Obywatelskie odbywa si\u0119 w ramach projektu \u201cJak otworzy\u0107 kolej na [&hellip;]<\/p>\n","protected":false},"author":2,"featured_media":0,"parent":0,"menu_order":0,"comment_status":"closed","ping_status":"closed","template":"","meta":{"footnotes":""},"class_list":["post-335","page","type-page","status-publish","hentry"],"_links":{"self":[{"href":"https:\/\/forumobywatelskie.transportgzm.pl\/index.php\/wp-json\/wp\/v2\/pages\/335","targetHints":{"allow":["GET"]}}],"collection":[{"href":"https:\/\/forumobywatelskie.transportgzm.pl\/index.php\/wp-json\/wp\/v2\/pages"}],"about":[{"href":"https:\/\/forumobywatelskie.transportgzm.pl\/index.php\/wp-json\/wp\/v2\/types\/page"}],"author":[{"embeddable":true,"href":"https:\/\/forumobywatelskie.transportgzm.pl\/index.php\/wp-json\/wp\/v2\/users\/2"}],"replies":[{"embeddable":true,"href":"https:\/\/forumobywatelskie.transportgzm.pl\/index.php\/wp-json\/wp\/v2\/comments?post=335"}],"version-history":[{"count":41,"href":"https:\/\/forumobywatelskie.transportgzm.pl\/index.php\/wp-json\/wp\/v2\/pages\/335\/revisions"}],"predecessor-version":[{"id":2312,"href":"https:\/\/forumobywatelskie.transportgzm.pl\/index.php\/wp-json\/wp\/v2\/pages\/335\/revisions\/2312"}],"wp:attachment":[{"href":"https:\/\/forumobywatelskie.transportgzm.pl\/index.php\/wp-json\/wp\/v2\/media?parent=335"}],"curies":[{"name":"wp","href":"https:\/\/api.w.org\/{rel}","templated":true}]}}