{"id":393,"date":"2024-09-28T15:20:59","date_gmt":"2024-09-28T13:20:59","guid":{"rendered":"https:\/\/forumobywatelskie2.transportgzm.pl\/?page_id=393"},"modified":"2025-04-30T13:53:33","modified_gmt":"2025-04-30T11:53:33","slug":"realizator","status":"publish","type":"page","link":"https:\/\/forumobywatelskie.transportgzm.pl\/index.php\/realizator\/","title":{"rendered":"Realizator"},"content":{"rendered":"\t\t<div data-elementor-type=\"wp-page\" data-elementor-id=\"393\" class=\"elementor elementor-393\">\n\t\t\t\t<div class=\"elementor-element elementor-element-1630209 e-flex e-con-boxed e-con e-parent\" data-id=\"1630209\" data-element_type=\"container\" data-e-type=\"container\" data-settings=\"{&quot;background_background&quot;:&quot;classic&quot;}\">\n\t\t\t\t\t<div class=\"e-con-inner\">\n\t\t<div class=\"elementor-element elementor-element-4195066 e-con-full e-flex e-con e-child\" data-id=\"4195066\" data-element_type=\"container\" data-e-type=\"container\">\n\t\t\t\t<div class=\"elementor-element elementor-element-a0caaff elementor-widget elementor-widget-heading\" data-id=\"a0caaff\" data-element_type=\"widget\" data-e-type=\"widget\" data-widget_type=\"heading.default\">\n\t\t\t\t<div class=\"elementor-widget-container\">\n\t\t\t\t\t<h1 class=\"elementor-heading-title elementor-size-default\">Realizator<\/h1>\t\t\t\t<\/div>\n\t\t\t\t<\/div>\n\t\t\t\t<div class=\"elementor-element elementor-element-ec26006 elementor-widget elementor-widget-image\" data-id=\"ec26006\" data-element_type=\"widget\" data-e-type=\"widget\" data-widget_type=\"image.default\">\n\t\t\t\t<div class=\"elementor-widget-container\">\n\t\t\t\t\t\t\t\t\t\t\t\t\t\t\t<img fetchpriority=\"high\" decoding=\"async\" width=\"603\" height=\"467\" src=\"https:\/\/forumobywatelskie.transportgzm.pl\/wp-content\/uploads\/2024\/10\/o_nas.jpg\" class=\"attachment-full size-full wp-image-1252\" alt=\"\" srcset=\"https:\/\/forumobywatelskie.transportgzm.pl\/wp-content\/uploads\/2024\/10\/o_nas.jpg 603w, https:\/\/forumobywatelskie.transportgzm.pl\/wp-content\/uploads\/2024\/10\/o_nas-300x232.jpg 300w\" sizes=\"(max-width: 603px) 100vw, 603px\" \/>\t\t\t\t\t\t\t\t\t\t\t\t\t\t\t<\/div>\n\t\t\t\t<\/div>\n\t\t\t\t<\/div>\n\t\t<div class=\"elementor-element elementor-element-e608522 e-con-full e-flex e-con e-child\" data-id=\"e608522\" data-element_type=\"container\" data-e-type=\"container\">\n\t\t\t\t<div class=\"elementor-element elementor-element-07c097c elementor-widget elementor-widget-text-editor\" data-id=\"07c097c\" data-element_type=\"widget\" data-e-type=\"widget\" data-widget_type=\"text-editor.default\">\n\t\t\t\t<div class=\"elementor-widget-container\">\n\t\t\t\t\t\t\t\t\t<p><span style=\"color: #000000;\">Realizator odpowiada za przygotowanie i przeprowadzenie Forum obywatelskiego. Realizatorem Forum obywatelskiego jest Fundacja na Rzecz Studi\u00f3w Europejskich, w skr\u00f3cie FEPS.\u00a0<\/span><\/p><p><span style=\"color: #000000;\"><strong>Zesp\u00f3\u0142 FEPS to praktycy i praktyczki specjalizuj\u0105cy si\u0119 w budowaniu silnego spo\u0142ecze\u0144stwa obywatelskiego.<\/strong><\/span><\/p><p><span style=\"color: #000000;\">Kierownik projektu: Tadeusz Mincer<\/span><\/p><p><span style=\"color: #000000;\">Zesp\u00f3\u0142: Ewa Sowi\u0144ska, Karolina Walko, Adrian Bukowski, Aleksandra Nerkowska<\/span><\/p><p><span style=\"color: #000000;\">Do zada\u0144 Realizatora nale\u017cy w szczeg\u00f3lno\u015bci:<\/span><\/p><ul><li aria-level=\"1\"><span style=\"color: #000000;\">koordynowanie przebiegu Forum\u00a0<\/span><\/li><li aria-level=\"1\"><span style=\"color: #000000;\">przeprowadzenie losowania i rekrutacja uczestnik\u00f3w Forum<\/span><\/li><li aria-level=\"1\"><span style=\"color: #000000;\">przeprowadzenie naboru stron<\/span><\/li><li aria-level=\"1\"><span style=\"color: #000000;\">wyb\u00f3r ekspert\u00f3w i ekspertek oraz facylitator\u00f3w i facylitatorek<\/span><\/li><li aria-level=\"1\"><span style=\"color: #000000;\">przygotowanie programu i regulaminu Forum<\/span><\/li><li aria-level=\"1\"><span style=\"color: #000000;\">organizacja spotka\u0144 w ramach Forum<\/span><\/li><li aria-level=\"1\"><span style=\"color: #000000;\">przeprowadzenie g\u0142osowania ko\u0144cowego nad propozycjami rekomendacji<\/span><\/li><\/ul><p><span style=\"color: #000000;\">We wszystkich sprawach zwi\u0105zanych z Forum mo\u017cna kontaktowa\u0107 si\u0119 za po\u015brednictwem adresu e-mail: konsultacje@feps.pl<\/span><\/p><p><span style=\"color: #000000;\">Wi\u0119cej o FEPS dowiesz si\u0119 na na stronie internetowej <a style=\"color: #000000;\" href=\"https:\/\/feps.pl\/\">www.feps.pl<\/a><\/span><\/p>\t\t\t\t\t\t\t\t<\/div>\n\t\t\t\t<\/div>\n\t\t\t\t<\/div>\n\t\t\t\t\t<\/div>\n\t\t\t\t<\/div>\n\t\t\t\t<\/div>\n\t\t","protected":false},"excerpt":{"rendered":"<p>Realizator Realizator odpowiada za przygotowanie i przeprowadzenie Forum obywatelskiego. Realizatorem Forum obywatelskiego jest Fundacja na Rzecz Studi\u00f3w Europejskich, w skr\u00f3cie FEPS.\u00a0 Zesp\u00f3\u0142 FEPS to praktycy i praktyczki specjalizuj\u0105cy si\u0119 w budowaniu silnego spo\u0142ecze\u0144stwa obywatelskiego. Kierownik projektu: Tadeusz Mincer Zesp\u00f3\u0142: Ewa Sowi\u0144ska, Karolina Walko, Adrian Bukowski, Aleksandra Nerkowska Do zada\u0144 Realizatora nale\u017cy w szczeg\u00f3lno\u015bci: koordynowanie przebiegu [&hellip;]<\/p>\n","protected":false},"author":2,"featured_media":0,"parent":0,"menu_order":0,"comment_status":"closed","ping_status":"closed","template":"","meta":{"footnotes":""},"class_list":["post-393","page","type-page","status-publish","hentry"],"_links":{"self":[{"href":"https:\/\/forumobywatelskie.transportgzm.pl\/index.php\/wp-json\/wp\/v2\/pages\/393","targetHints":{"allow":["GET"]}}],"collection":[{"href":"https:\/\/forumobywatelskie.transportgzm.pl\/index.php\/wp-json\/wp\/v2\/pages"}],"about":[{"href":"https:\/\/forumobywatelskie.transportgzm.pl\/index.php\/wp-json\/wp\/v2\/types\/page"}],"author":[{"embeddable":true,"href":"https:\/\/forumobywatelskie.transportgzm.pl\/index.php\/wp-json\/wp\/v2\/users\/2"}],"replies":[{"embeddable":true,"href":"https:\/\/forumobywatelskie.transportgzm.pl\/index.php\/wp-json\/wp\/v2\/comments?post=393"}],"version-history":[{"count":82,"href":"https:\/\/forumobywatelskie.transportgzm.pl\/index.php\/wp-json\/wp\/v2\/pages\/393\/revisions"}],"predecessor-version":[{"id":2315,"href":"https:\/\/forumobywatelskie.transportgzm.pl\/index.php\/wp-json\/wp\/v2\/pages\/393\/revisions\/2315"}],"wp:attachment":[{"href":"https:\/\/forumobywatelskie.transportgzm.pl\/index.php\/wp-json\/wp\/v2\/media?parent=393"}],"curies":[{"name":"wp","href":"https:\/\/api.w.org\/{rel}","templated":true}]}}