{"id":423,"date":"2024-09-28T15:27:48","date_gmt":"2024-09-28T13:27:48","guid":{"rendered":"https:\/\/forumobywatelskie2.transportgzm.pl\/?page_id=423"},"modified":"2025-04-30T13:58:17","modified_gmt":"2025-04-30T11:58:17","slug":"drugie-losowanie","status":"publish","type":"page","link":"https:\/\/forumobywatelskie.transportgzm.pl\/index.php\/drugie-losowanie\/","title":{"rendered":"Drugie losowanie"},"content":{"rendered":"\t\t<div data-elementor-type=\"wp-page\" data-elementor-id=\"423\" class=\"elementor elementor-423\">\n\t\t\t\t<div class=\"elementor-element elementor-element-6b35934 e-flex e-con-boxed e-con e-parent\" data-id=\"6b35934\" data-element_type=\"container\" data-e-type=\"container\">\n\t\t\t\t\t<div class=\"e-con-inner\">\n\t\t\t\t<div class=\"elementor-element elementor-element-9229a04 elementor-widget elementor-widget-heading\" data-id=\"9229a04\" data-element_type=\"widget\" data-e-type=\"widget\" data-widget_type=\"heading.default\">\n\t\t\t\t<div class=\"elementor-widget-container\">\n\t\t\t\t\t<h1 class=\"elementor-heading-title elementor-size-default\">Drugie losowanie<\/h1>\t\t\t\t<\/div>\n\t\t\t\t<\/div>\n\t\t\t\t<div class=\"elementor-element elementor-element-1023cd4 elementor-widget elementor-widget-heading\" data-id=\"1023cd4\" data-element_type=\"widget\" data-e-type=\"widget\" data-widget_type=\"heading.default\">\n\t\t\t\t<div class=\"elementor-widget-container\">\n\t\t\t\t\t<h2 class=\"elementor-heading-title elementor-size-default\">Na czym polega\u0142o drugie losowanie?<\/h2>\t\t\t\t<\/div>\n\t\t\t\t<\/div>\n\t\t\t\t\t<\/div>\n\t\t\t\t<\/div>\n\t\t<div class=\"elementor-element elementor-element-d821fd0 e-con-full e-flex e-con e-parent\" data-id=\"d821fd0\" data-element_type=\"container\" data-e-type=\"container\">\n\t\t<div class=\"elementor-element elementor-element-11016ce e-flex e-con-boxed e-con e-child\" data-id=\"11016ce\" data-element_type=\"container\" data-e-type=\"container\">\n\t\t\t\t\t<div class=\"e-con-inner\">\n\t\t\t\t<div class=\"elementor-element elementor-element-bd447d5 elementor-widget elementor-widget-text-editor\" data-id=\"bd447d5\" data-element_type=\"widget\" data-e-type=\"widget\" data-widget_type=\"text-editor.default\">\n\t\t\t\t<div class=\"elementor-widget-container\">\n\t\t\t\t\t\t\t\t\t<p><span style=\"color: #000000;\">Drugie losowanie os\u00f3b, kt\u00f3re wezm\u0105 udzia\u0142 w Forum r\u00f3wnie\u017c odby\u0142o si\u0119 w siedzibie Realizatora, czyli\u00a0 Fundacji na rzecz Studi\u00f3w Europejskich i by\u0142o transmitowane na \u017cywo na platformie YouTube.<\/span><\/p><p><span style=\"color: #000000;\">Celem drugiego losowania by\u0142o wy\u0142onienie ostatecznego sk\u0142adu Forum Obywatelskiego. Zgodnie z przyj\u0119tymi za\u0142o\u017ceniami grupa g\u0142\u00f3wna mia\u0142a stanowi\u0107 43 osoby, a grupa rezerwowa \u2013 6. W grupie 43 os\u00f3b przewidziany by\u0142 udzia\u0142 3 os\u00f3b z niepe\u0142nosprawno\u015bciami oraz 1 osoby b\u0119d\u0105cej obcokrajowcem i posiadaj\u0105cej zezwolenie na pobyt w Polsce. Nie zg\u0142osi\u0142a si\u0119 \u017cadna osoba b\u0119d\u0105ca obcokrajowcem (nie zaznaczy\u0142a takiej odpowiedzi w formularzu), st\u0105d ostateczny sk\u0142ad forum wynosi 42 osoby. W wyniku losowania wytypowano ostateczny sk\u0142ad Forum, kt\u00f3ry reprezentuj\u0105 osoby o r\u00f3\u017cnych cechach. S\u0105 to:<\/span><\/p><ul><li><span style=\"color: #000000;\">miasto zamieszkania<\/span><\/li><li><span style=\"color: #000000;\">p\u0142e\u0107<\/span><\/li><li><span style=\"color: #000000;\">wiek<\/span><\/li><li><span style=\"color: #000000;\">liczba dzieci, nad kt\u00f3rymi sprawuje si\u0119 opiek\u0119.<\/span><\/li><\/ul><p><span style=\"color: #000000;\">Kryteriami pomocniczymi zastosowanymi do skompletowania ca\u0142o\u015bci sk\u0142adu Forum by\u0142y spos\u00f3b przemieszczania si\u0119 oraz poziom wykszta\u0142cenia.<\/span><\/p><p><span style=\"color: #000000;\"><a href=\"https:\/\/forumobywatelskie.transportgzm.pl\/wp-content\/uploads\/2025\/04\/Opis-drugiego-losowania.pdf\">Materia\u0142 zawieraj\u0105cy opis drugiego losowania dost\u0119pny jest pod linkiem<\/a>.<\/span><\/p>\t\t\t\t\t\t\t\t<\/div>\n\t\t\t\t<\/div>\n\t\t\t\t<div class=\"elementor-element elementor-element-209c777 elementor-widget__width-initial elementor-widget elementor-widget-video\" data-id=\"209c777\" data-element_type=\"widget\" data-e-type=\"widget\" data-settings=\"{&quot;youtube_url&quot;:&quot;https:\\\/\\\/www.youtube.com\\\/watch?v=clKB6X7vMoM&quot;,&quot;video_type&quot;:&quot;youtube&quot;,&quot;controls&quot;:&quot;yes&quot;}\" data-widget_type=\"video.default\">\n\t\t\t\t<div class=\"elementor-widget-container\">\n\t\t\t\t\t\t\t<div class=\"elementor-wrapper elementor-open-inline\">\n\t\t\t<div class=\"elementor-video\"><\/div>\t\t<\/div>\n\t\t\t\t\t\t<\/div>\n\t\t\t\t<\/div>\n\t\t\t\t<div class=\"elementor-element elementor-element-137f24f elementor-widget__width-initial elementor-widget elementor-widget-video\" data-id=\"137f24f\" data-element_type=\"widget\" data-e-type=\"widget\" data-settings=\"{&quot;youtube_url&quot;:&quot;https:\\\/\\\/www.youtube.com\\\/watch?v=KCDBCigOXHU&quot;,&quot;video_type&quot;:&quot;youtube&quot;,&quot;controls&quot;:&quot;yes&quot;}\" data-widget_type=\"video.default\">\n\t\t\t\t<div class=\"elementor-widget-container\">\n\t\t\t\t\t\t\t<div class=\"elementor-wrapper elementor-open-inline\">\n\t\t\t<div class=\"elementor-video\"><\/div>\t\t<\/div>\n\t\t\t\t\t\t<\/div>\n\t\t\t\t<\/div>\n\t\t\t\t<div class=\"elementor-element elementor-element-2642ef5 elementor-widget elementor-widget-text-editor\" data-id=\"2642ef5\" data-element_type=\"widget\" data-e-type=\"widget\" data-widget_type=\"text-editor.default\">\n\t\t\t\t<div class=\"elementor-widget-container\">\n\t\t\t\t\t\t\t\t\t<p><span style=\"color: #000000;\">Materia\u0142 zawarty w dw\u00f3ch plikach zawiera nagranie z drugiego losowania w ramach organizacji Forum obywatelskiego. Podczas losowania wy\u0142onione zosta\u0142y 42 osoby z teren\u00f3w gmin Bytom, Chorz\u00f3w, Piekary \u015al\u0105skie, Radzionk\u00f3w, \u015awierklaniec, Tarnowskie G\u00f3ry oraz Zabrze \u2013 dzielnice Rokitnica i Helenka. Opr\u00f3cz tego wy\u0142oniono sze\u015bcioosobow\u0105 grup\u0119 rezerwow\u0105.<\/span><\/p>\t\t\t\t\t\t\t\t<\/div>\n\t\t\t\t<\/div>\n\t\t\t\t<div class=\"elementor-element elementor-element-48ee858 elementor-widget__width-initial elementor-widget elementor-widget-text-editor\" data-id=\"48ee858\" data-element_type=\"widget\" data-e-type=\"widget\" data-widget_type=\"text-editor.default\">\n\t\t\t\t<div class=\"elementor-widget-container\">\n\t\t\t\t\t\t\t\t\t<p><span style=\"color: #000000;\"><strong>Losowania uzupe\u0142niaj\u0105ce<\/strong> &#8211; nie ka\u017cda wylosowana osoba zdecydowa\u0142a si\u0119 wzi\u0105\u0107 udzia\u0142 w forum, st\u0105d przeprowadzono kilka losowa\u0144 uzupe\u0142niaj\u0105cych. Poni\u017cszy materia\u0142 wideo zawiera nagranie z losowania uzupe\u0142niaj\u0105cego. <a href=\"https:\/\/forumobywatelskie.transportgzm.pl\/wp-content\/uploads\/2025\/04\/Przebieg-pierwszego-losowania-uzupelniajacego.pdf\">Opis pierwszego losowania uzupe\u0142niaj\u0105cego znajduje si\u0119 pod linkiem.<\/a><\/span><\/p><p><span style=\"color: #000000;\">Podczas losowania wy\u0142oniono 8 dodatkowych os\u00f3b, kt\u00f3re uzupe\u0142ni\u0105 sk\u0142ad forum po rezygnacji cz\u0119\u015bci wylosowanych wcze\u015bniej uczestnik\u00f3w:<\/span><\/p>\t\t\t\t\t\t\t\t<\/div>\n\t\t\t\t<\/div>\n\t\t\t\t<div class=\"elementor-element elementor-element-7209e9a elementor-widget__width-initial elementor-widget elementor-widget-video\" data-id=\"7209e9a\" data-element_type=\"widget\" data-e-type=\"widget\" data-settings=\"{&quot;youtube_url&quot;:&quot;https:\\\/\\\/www.youtube.com\\\/watch?v=bTh7zUk-mdc&quot;,&quot;video_type&quot;:&quot;youtube&quot;,&quot;controls&quot;:&quot;yes&quot;}\" data-widget_type=\"video.default\">\n\t\t\t\t<div class=\"elementor-widget-container\">\n\t\t\t\t\t\t\t<div class=\"elementor-wrapper elementor-open-inline\">\n\t\t\t<div class=\"elementor-video\"><\/div>\t\t<\/div>\n\t\t\t\t\t\t<\/div>\n\t\t\t\t<\/div>\n\t\t\t\t<div class=\"elementor-element elementor-element-25a42fe elementor-widget elementor-widget-text-editor\" data-id=\"25a42fe\" data-element_type=\"widget\" data-e-type=\"widget\" data-widget_type=\"text-editor.default\">\n\t\t\t\t<div class=\"elementor-widget-container\">\n\t\t\t\t\t\t\t\t\t<p><span style=\"color: #000000;\">Materia\u0142 dost\u0119pny pod linkiem zawiera <strong>nagranie z<\/strong> <a href=\"https:\/\/www.youtube.com\/live\/lfwWSiJgrX8\"><strong>drugiego losowania uzupe\u0142niaj\u0105cego<\/strong><\/a>. Podczas losowania wy\u0142oniono 5 dodatkowych os\u00f3b, kt\u00f3re uzupe\u0142ni\u0105 sk\u0142ad forum po rezygnacji cz\u0119\u015bci wylosowanych wcze\u015bniej uczestnik\u00f3w. <a href=\"https:\/\/forumobywatelskie.transportgzm.pl\/wp-content\/uploads\/2025\/04\/Przebieg-drugiego-losowania-uzupelniajacego.pdf\">Dok\u0142adny opis przebiegu drugiego losowania uzupe\u0142niaj\u0105cego<\/a> dost\u0119pny jest pod linkiem.<\/span><\/p><p><span style=\"color: #000000;\">Materia\u0142 dost\u0119pny pod linkiem zawiera <strong>nagranie z <a href=\"https:\/\/www.youtube.com\/live\/of-JSuEaspk\">trzeciego losowania uzupe\u0142niaj\u0105cego<\/a><\/strong>. Podczas losowania wy\u0142oniono 1 dodatkow\u0105 osob\u0119, kt\u00f3ra uzupe\u0142ni sk\u0142ad forum po rezygnacji wylosowanego wcze\u015bniej uczestnika. Dok\u0142adny <a href=\"https:\/\/forumobywatelskie.transportgzm.pl\/wp-content\/uploads\/2025\/04\/Przebieg-trzeciego-losowania-uzupelniajacego.pdf\">opis przebiegu trzeciego losowania uzupe\u0142niaj\u0105cego<\/a> dost\u0119pny jest pod linkiem.<\/span><\/p><p><span style=\"color: #000000;\">Materia\u0142 dost\u0119pny pod linkiem zawiera <strong>nagranie z<\/strong> <a href=\"https:\/\/www.youtube.com\/live\/BVPhhBABSp4\"><strong>czwartego losowania uzupe\u0142niaj\u0105cego<\/strong><\/a>. Podczas losowania wy\u0142oniono 1 dodatkow\u0105 osob\u0119, kt\u00f3ra uzupe\u0142ni sk\u0142ad forum po rezygnacji wylosowanego wcze\u015bniej uczestnika. Dok\u0142adny <a href=\"https:\/\/forumobywatelskie.transportgzm.pl\/wp-content\/uploads\/2025\/04\/Przebieg-czwartego-losowania-uzupelniajacego.pdf\">opis przebiegu czwartego losowania uzupe\u0142niaj\u0105cego<\/a> dost\u0119pny jest pod linkiem. <\/span><\/p>\t\t\t\t\t\t\t\t<\/div>\n\t\t\t\t<\/div>\n\t\t\t\t\t<\/div>\n\t\t\t\t<\/div>\n\t\t\t\t<\/div>\n\t\t\t\t<\/div>\n\t\t","protected":false},"excerpt":{"rendered":"<p>Drugie losowanie Na czym polega\u0142o drugie losowanie? Drugie losowanie os\u00f3b, kt\u00f3re wezm\u0105 udzia\u0142 w Forum r\u00f3wnie\u017c odby\u0142o si\u0119 w siedzibie Realizatora, czyli\u00a0 Fundacji na rzecz Studi\u00f3w Europejskich i by\u0142o transmitowane na \u017cywo na platformie YouTube. Celem drugiego losowania by\u0142o wy\u0142onienie ostatecznego sk\u0142adu Forum Obywatelskiego. Zgodnie z przyj\u0119tymi za\u0142o\u017ceniami grupa g\u0142\u00f3wna mia\u0142a stanowi\u0107 43 osoby, a [&hellip;]<\/p>\n","protected":false},"author":2,"featured_media":0,"parent":0,"menu_order":0,"comment_status":"closed","ping_status":"closed","template":"","meta":{"footnotes":""},"class_list":["post-423","page","type-page","status-publish","hentry"],"_links":{"self":[{"href":"https:\/\/forumobywatelskie.transportgzm.pl\/index.php\/wp-json\/wp\/v2\/pages\/423","targetHints":{"allow":["GET"]}}],"collection":[{"href":"https:\/\/forumobywatelskie.transportgzm.pl\/index.php\/wp-json\/wp\/v2\/pages"}],"about":[{"href":"https:\/\/forumobywatelskie.transportgzm.pl\/index.php\/wp-json\/wp\/v2\/types\/page"}],"author":[{"embeddable":true,"href":"https:\/\/forumobywatelskie.transportgzm.pl\/index.php\/wp-json\/wp\/v2\/users\/2"}],"replies":[{"embeddable":true,"href":"https:\/\/forumobywatelskie.transportgzm.pl\/index.php\/wp-json\/wp\/v2\/comments?post=423"}],"version-history":[{"count":73,"href":"https:\/\/forumobywatelskie.transportgzm.pl\/index.php\/wp-json\/wp\/v2\/pages\/423\/revisions"}],"predecessor-version":[{"id":2331,"href":"https:\/\/forumobywatelskie.transportgzm.pl\/index.php\/wp-json\/wp\/v2\/pages\/423\/revisions\/2331"}],"wp:attachment":[{"href":"https:\/\/forumobywatelskie.transportgzm.pl\/index.php\/wp-json\/wp\/v2\/media?parent=423"}],"curies":[{"name":"wp","href":"https:\/\/api.w.org\/{rel}","templated":true}]}}